 -b = 3*b - 20. Suppose 2*c - 42 = 5*r, 4*r + 2*c + 28 = b*c. Is (-4)/r + (-15213)/(-55) prime?
True
Let w(d) = 388*d**3 - d**2 + 3*d + 3. Is w(2) prime?
True
Let i(o) = o - 1. Let c(l) = -2*l**2 - 14*l + 7. Let h(r) = -c(r) - 6*i(r). Let w = -862 + 852. Is h(w) a prime number?
False
Suppose -11*x + 42 = -8*x. Suppose 2*j = -2*z + x, -3*z + j + 3 = 2. Suppose -z*s - 84 = -362. Is s composite?
False
Let d(x) = 14 + 81*x - 135*x - 145*x - 31*x. Is d(-4) prime?
False
Suppose -2*i + 97 = -1257. Is i a composite number?
False
Suppose 22*z + 149 = 23*z. Is z a composite number?
False
Suppose -b + 2*v = -2*b - 1, 0 = -3*b + 4*v + 7. Is (-690 - -1)*(-2 + b) composite?
True
Suppose -b + 6 = 3*i - 15, -i + 128 = 4*b. Let v be 5192/b*(-3)/(-2). Suppose 0 = -4*j + 976 - v. Is j prime?
False
Suppose 5*w + 8*b = 3*b + 3180, -5*b + 1918 = 3*w. Is w composite?
False
Suppose 2*h = 4*h - 10. Suppose 0*v - h*v + 40 = 0. Let q = 11 + v. Is q prime?
True
Suppose 0 = 2*f + f - 1164. Suppose v + 0*v - 5*s - 97 = 0, -4*v + f = 3*s. Suppose u = 4*w + v, -u - 2*w + 28 + 57 = 0. Is u composite?
False
Let n(r) = -6*r**2 + 8*r + 7 + r**2 - r**3 + 5*r - 3*r**2. Is n(-10) prime?
False
Let y(a) = a**3 - 10*a**2 - 11*a + 0*a**3 - 7 + 10*a + 39. Is y(10) composite?
True
Let k = 12780 + 23323. Is k prime?
False
Let r(f) = -f**3 + 10*f**2 - 11*f + 1. Let y be r(8). Let k(d) = -y*d + 6 + 2*d + 0*d. Is k(-5) composite?
True
Let q(i) = 6*i**2 - 13*i + 36. Let j be q(16). Let d = -522 + j. Is d a prime number?
False
Let n(i) = -246*i + 4. Let b be n(-3). Let q = -431 + b. Is q a prime number?
True
Suppose 5*r = w + 183803, 0 = 2*r - 0*r + 2*w - 73526. Is r a composite number?
False
Let g be (8/(-14))/((-4)/14) + 3. Suppose g*f - 889 = -2*f. Is f a composite number?
False
Let f = 11 - 9. Let j(d) = 49*d**3 + 2*d**2 - 5*d + 5. Is j(f) composite?
True
Let z(n) = 5*n**2 + 4*n - 1. Let i be z(-4). Let u = 18 - i. Is 6/u + 94/30 a prime number?
True
Suppose -w + 5 = -5*u, -w + 2 = -3. Is u - (4/(-12) - 7352/12) a prime number?
True
Is 1/((-2 - -1)/(5 + -38356)) prime?
True
Let s = 7391 + -3484. Is s a composite number?
False
Let s = 4425 - 776. Is s composite?
True
Let p be 1 - 1715 - (5 - (6 + 1)). Let y = p + 6273. Is y a prime number?
True
Let l(m) = 691*m**2 + 25*m - 99. Is l(4) prime?
True
Suppose 0 = j - 3335 - 336. Is j composite?
False
Suppose 5*l + u - 21702 - 21552 = 0, -l + 8655 = -4*u. Is l composite?
True
Suppose p = -4, 0 = -0*z - 2*z - 4*p - 8. Suppose -x = z*x - 165. Is x a composite number?
True
Let t(h) = 6095*h**2 + 14. Is t(-3) prime?
True
Let p(z) = 596*z + 11. Let t(k) = -2*k**3 - 9*k**2 + 3*k - 7. Let y be t(-5). Is p(y) a composite number?
True
Suppose 5*k + 53 = 33. Let d(z) = -5*z**3 - 5*z**2 - 3*z - 1. Is d(k) composite?
False
Let o(w) be the third derivative of -w**5/15 + w**4/6 - w**3/6 - 4*w**2. Let l be o(6). Is l*3/(1 + -4) prime?
False
Suppose -a - 3*x = -3, 5*x - 63 = 4*a + 2*x. Let v(b) = 4*b**2 + 13*b - 1. Let s(j) = 6*j**2 + 20*j - 2. Let d(o) = 5*s(o) - 7*v(o). Is d(a) a prime number?
False
Suppose -6*z = -0*z - 14778. Is z a prime number?
False
Let x(r) = -5*r**2 - 8 + 6*r**2 + 3*r**2 - 2*r - r**3. Let t be x(-6). Suppose 2*h = 6*h - t. Is h composite?
True
Let k(m) = -m**3 - 2*m**2 - m - 4. Let q be k(-3). Suppose 479 = -q*t + 7911. Is t composite?
False
Let o = -2276 - -4225. Is o a composite number?
False
Let w be 4/6 - 116272/(-39). Is (-8)/40 - w/(-10) a prime number?
False
Suppose 116*f = 127*f - 50083. Is f a prime number?
False
Let w be 1/(0 - 1)*(-4917 - -1). Suppose 10*b - 13*b - 5*s + w = 0, 0 = 5*b - s - 8184. Is b a composite number?
False
Suppose 2*y - 13088 = -g - 1796, 5*g - y - 56416 = 0. Suppose -5*n + 0*a - a + g = 0, n = -3*a + 2254. Is n composite?
True
Suppose 0 = 4*h - 19 + 3. Suppose -8675 = -5*n - p + 995, -h*n = p - 7736. Is n a composite number?
True
Is (-2)/(-12) - 560845/(-30) a prime number?
False
Suppose 0 = 2*c, -5953 + 1587 = -2*t + 3*c. Is t a prime number?
False
Let g(r) = -r + 1. Let b(f) = -150*f + 41. Let t(x) = b(x) - 6*g(x). Is t(-8) a composite number?
False
Suppose 0 = 7*a - 6*a - 492. Suppose -9*o = -7*o - a. Suppose -x + 1033 = o. Is x composite?
False
Let p = 6978 + 4571. Is p a prime number?
True
Suppose -5*g + 962 = -2*g - 5*x, 5*g + x = 1566. Is g composite?
True
Let u be (5/(-5))/((-1)/(-6)). Let l(b) be the third derivative of b**5/12 + b**4/6 + b**3/6 - 12*b**2. Is l(u) prime?
True
Suppose 0 = h - 10*h + 34389. Is h a prime number?
True
Suppose -a - 2 = 2. Let k(o) = 22*o. Let t(r) = 44*r - 1. Let q(p) = 5*k(p) - 3*t(p). Is q(a) composite?
True
Suppose s = 3*s - 960. Suppose 535 + s = 5*f. Is f composite?
True
Suppose 4*q + b - 6072 = 0, -2*q + 2729 = -3*b - 293. Is q composite?
True
Let t(c) = 4286*c - 1031. Is t(12) prime?
False
Suppose -59 - 29 = 11*z. Let t(x) = -x**3 - 4*x - 3. Is t(z) prime?
True
Let d be 1*(-3)/((-9)/3009). Suppose -5*j - 25 = 0, 2*y + 5*j - 1489 = 1378. Let o = y - d. Is o prime?
True
Let f = -44 + 211. Is f composite?
False
Let h(d) = -2*d**3 - 8*d**2 - 2*d + 5. Let a be h(-9). Suppose 3*c - a + 164 = 0. Is c prime?
True
Let o(w) = -w**3 + w + 1717. Let d = -30 - -30. Is o(d) a prime number?
False
Let l(k) = 105*k + 9 + 328*k - 66*k. Is l(4) a prime number?
False
Suppose -42*x + 4537 = -8357. Is x a composite number?
False
Let c(b) = -2*b + 44. Let l be c(19). Is (1467/(-6)*(-28)/l)/1 a composite number?
True
Let r(h) = 59*h. Let w be r(1). Let a = w - 39. Suppose f - 17 = a. Is f a prime number?
True
Suppose 5*s = 2*n + 2, 3*n - 3*s = -13 + 19. Suppose -3*x - 7 = -4. Is (32 - x)*4/n composite?
True
Let y be ((-4)/((-8)/866))/1. Let z = -2 + y. Suppose -d + 2*f + 407 = 0, 0 = d + 3*f + f - z. Is d a prime number?
False
Let h(s) = 132*s - 39. Is h(16) a composite number?
True
Let t be 14/35 + (-124)/10. Let c = t - -16. Is (0 - 3) + c - -54 composite?
True
Let n(l) = -l - 1. Let h be n(-1). Suppose 0*c - 3 = c, h = -2*u - 3*c - 11. Is 23/(u*(-1)/11) a prime number?
False
Let w(z) = 31*z**2 + 19*z + 293. Is w(-12) a composite number?
True
Let r(d) = 6*d + 14. Let z(x) = 11*x + 28. Let q(s) = 7*r(s) - 3*z(s). Let v(c) = c + 7. Let t be v(6). Is q(t) a prime number?
True
Let q = 104 + 126. Suppose -f = -q - 161. Is f prime?
False
Let s(g) = g**2 + 17*g**2 + g**2 + 9 - 5*g. Is s(4) composite?
False
Let x(u) = -14*u - 13. Suppose 16 = 4*a, -a = -o + 8 - 22. Is x(o) a prime number?
True
Let x be 2/6 + 42/9. Suppose 3*h + 2*a = 7297, -x*h = -3*h - 4*a - 4838. Is h composite?
True
Let t(c) = -c**3 - 7*c**2 + 7*c - 38. Is t(-15) a composite number?
False
Let d(b) = b**3 - 5*b**2 - 31*b + 13. Is d(16) prime?
True
Let r = 29 + -43. Let b = r - -14. Suppose b*g + 4*h = -5*g + 727, 0 = 4*g - h - 569. Is g prime?
False
Let h(g) = 4*g**3 + 5*g**2 + g - 10. Let j(v) = 8*v**3 + 9*v**2 + v - 19. Let p(d) = 5*h(d) - 3*j(d). Let y be p(-3). Suppose y = 5*s - 4. Is s a prime number?
True
Suppose -4*x - 3920 = -4*y, -x + 1878 + 79 = 2*y. Let t = -659 + y. Suppose 5*b - 3*v - 2*v = t, 2 = 2*v. Is b composite?
True
Let i = -1550 - -6981. Is i composite?
False
Let r be (-2 + 0)*4/16*254. Let a = r - -418. Is a a prime number?
False
Let j(i) = -6*i**3 + 3*i**2 + 14*i - 6. Let q(n) = n**2 + n + 1. Let a(w) = -j(w) + 6*q(w). Is a(7) a prime number?
True
Suppose 0 = -6*s + 5*s + 1087. Is s a prime number?
True
Let n(h) = -456*h. Let j(k) = -81395*k. Let l(w) = 5*j(w) - 892*n(w). Suppose 0 = -g - 3 + 2. Is l(g) a prime number?
True
Suppose -4*y - 6 + 0 = -n, -4*y = 2*n - 12. Suppose -n*g + 1125 = 255. Is g a prime number?
False
Suppose 2936 = -2*h - h + 4*b, -h + 5*b - 986 = 0. Let x = 1473 + h. Is x prime?
False
Suppose 3*w + 4*p - 2528 = 0, -585 = -w + 3*p + 262. Let u be (-1176)/(8/(-32)*6). Suppose 4*c = u + w. Is c composite?
True
Let h(m) = 266*m + 27. Let f be h(14). Suppose -7*l - s + f = -2*l, -2*l = 2*s - 1494. Is l composite?
False
Suppose -2*f + 6*f + 12 = 3*j, -4*j + 5*f = -15. Suppose -5 = -5*z, -b + z + 1776 = -j*b. Is b a prime number?
True
Suppose 0 = -23*o + 5366 + 1373. Is o a prime number?
True
Suppose 0 = 9*l - 4514 - 20983. Is l composite?
False
Suppose -4*m + 36 = -7*m. Let w(r) = -89*r + 19. Is w(m) prime?
True
Suppose -3*s + 344 = s. Let o = s + -52. Suppose 2*t - 620 = -o. I